{"id":179,"date":"2026-02-22T15:49:39","date_gmt":"2026-02-22T15:49:39","guid":{"rendered":"https:\/\/fscala2026.fr\/?page_id=179"},"modified":"2026-02-22T16:01:55","modified_gmt":"2026-02-22T16:01:55","slug":"decouvrez-notre-programme-ensemble-ecrivons-demain","status":"publish","type":"page","link":"https:\/\/fscala2026.fr\/?page_id=179","title":{"rendered":"D\u00e9couvrez notre programme : Ensemble, \u00e9crivons demain !"},"content":{"rendered":"\n<figure class=\"wp-block-gallery has-nested-images columns-default is-cropped wp-block-gallery-1 is-layout-flex wp-block-gallery-is-layout-flex\">\n<figure class=\"wp-block-image size-large\"><img loading=\"lazy\" decoding=\"async\" width=\"724\" height=\"1024\" data-id=\"183\" src=\"https:\/\/fscala2026.fr\/wp-content\/uploads\/2026\/02\/2ba0d8e8-96e2-41d6-9b31-97adee1625a4-724x1024.png\" alt=\"\" class=\"wp-image-183\" srcset=\"https:\/\/fscala2026.fr\/wp-content\/uploads\/2026\/02\/2ba0d8e8-96e2-41d6-9b31-97adee1625a4-724x1024.png 724w, https:\/\/fscala2026.fr\/wp-content\/uploads\/2026\/02\/2ba0d8e8-96e2-41d6-9b31-97adee1625a4-212x300.png 212w, https:\/\/fscala2026.fr\/wp-content\/uploads\/2026\/02\/2ba0d8e8-96e2-41d6-9b31-97adee1625a4-768x1086.png 768w, https:\/\/fscala2026.fr\/wp-content\/uploads\/2026\/02\/2ba0d8e8-96e2-41d6-9b31-97adee1625a4-1086x1536.png 1086w, https:\/\/fscala2026.fr\/wp-content\/uploads\/2026\/02\/2ba0d8e8-96e2-41d6-9b31-97adee1625a4.png 1191w\" sizes=\"auto, (max-width: 724px) 100vw, 724px\" \/><\/figure>\n<\/figure>\n\n\n\n<p id=\"p-rc_9f32d8393b2009a0-130\"><strong>Ch\u00e8res Assadines, Chers Assadins,<\/strong> <\/p>\n\n\n\n<p id=\"p-rc_9f32d8393b2009a0-131\">L&#8217;\u00e9lection municipale \u00e0 Assas n&#8217;est pas une simple formalit\u00e9, c&#8217;est un v\u00e9ritable tournant pour l&#8217;identit\u00e9 de notre commune. C&#8217;est avec beaucoup de fiert\u00e9 que nous vous pr\u00e9sentons aujourd&#8217;hui notre programme complet, fruit de notre \u00e9coute et de nos \u00e9changes avec vous.<\/p>\n\n\n\n<p>Pour que cette lecture soit la plus agr\u00e9able possible, nous vous invitons \u00e0 feuilleter notre projet sous forme de livret interactif ci-dessous. Cliquez simplement sur les coins des pages ou utilisez les fl\u00e8ches pour naviguer !<\/p>\n\n\n\n<p><strong>Au c\u0153ur de nos engagements pour Assas :<\/strong><\/p>\n\n\n\n<ul class=\"wp-block-list\">\n<li><strong>Un urbanisme ma\u00eetris\u00e9 :<\/strong> Nous disons STOP \u00e0 l&#8217;urbanisation subie pour pr\u00e9server notre identit\u00e9 villageoise et faire d&#8217;Assas un v\u00e9ritable &#8220;Village Jardin&#8221;.<\/li>\n\n\n\n<li><strong>Nos \u00e9coles en priorit\u00e9 :<\/strong> Des investissements forts (agrandissement, bouclier thermique, nouveau terrain de sport) pour que nos enfants grandissent et apprennent dans les meilleures conditions.<\/li>\n\n\n\n<li><strong>Un village solidaire pour toutes les g\u00e9n\u00e9rations :<\/strong> Une offre d&#8217;habitat respectueuse permettant aux jeunes, aux familles et \u00e0 nos a\u00een\u00e9s de se loger dignement, au c\u0153ur de la vie du village.<\/li>\n\n\n\n<li><strong>Une vie locale redynamis\u00e9e :<\/strong> De la future Halle Guinguette \u00e0 la relance de nos grandes festivit\u00e9s (14 Juillet, Grand Loto Associatif), nous voulons qu&#8217;Assas respire et vive pleinement.<\/li>\n<\/ul>\n\n\n\n<div class=\"_df_book df-lite\" id=\"df_174\"  _slug=\"programme\" data-title=\"notre-programme\" wpoptions=\"true\" thumbtype=\"\" ><\/div><script class=\"df-shortcode-script\" nowprocket type=\"application\/javascript\">window.option_df_174 = {\"outline\":[],\"autoEnableOutline\":\"false\",\"autoEnableThumbnail\":\"false\",\"overwritePDFOutline\":\"false\",\"direction\":\"1\",\"pageSize\":\"0\",\"source\":\"http:\\\/\\\/fscala2026.fr\\\/wp-content\\\/uploads\\\/2026\\\/02\\\/PRG_SKL2.9.pdf\",\"wpOptions\":\"true\"}; if(window.DFLIP && window.DFLIP.parseBooks){window.DFLIP.parseBooks();}<\/script>\n\n\n\n<p id=\"p-rc_9f32d8393b2009a0-136\"><strong>Rencontrons-nous !<\/strong> Nous vous donnons rendez-vous pour notre grande r\u00e9union publique le <strong>jeudi 26 f\u00e9vrier \u00e0 19h00 au Cellier du Pic<\/strong>. Ce sera l&#8217;occasion de vous pr\u00e9senter ces projets plus en d\u00e9tail et de r\u00e9pondre \u00e0 toutes vos questions.<\/p>\n\n\n\n<p>Fid\u00e8lement,<\/p>\n\n\n\n<p id=\"p-rc_9f32d8393b2009a0-137\"><strong>Francis SCALA et toute l&#8217;\u00e9quipe<\/strong> &#8220;Ensemble, \u00e9crivons demain&#8221;.<\/p>\n\n\n\n<p><\/p>\n","protected":false},"excerpt":{"rendered":"<p>Ch\u00e8res Assadines, Chers Assadins, L&#8217;\u00e9lection municipale \u00e0 Assas n&#8217;est pas une simple formalit\u00e9, c&#8217;est un v\u00e9ritable tournant pour l&#8217;identit\u00e9 de notre commune. C&#8217;est avec beaucoup de fiert\u00e9 que nous vous pr\u00e9sentons aujourd&#8217;hui notre programme complet, fruit de notre \u00e9coute et de nos \u00e9changes avec vous. Pour que cette lecture soit la plus agr\u00e9able possible, nous [&hellip;]<\/p>\n","protected":false},"author":1,"featured_media":0,"parent":0,"menu_order":0,"comment_status":"closed","ping_status":"closed","template":"","meta":{"footnotes":""},"class_list":["post-179","page","type-page","status-publish","hentry"],"_links":{"self":[{"href":"https:\/\/fscala2026.fr\/index.php?rest_route=\/wp\/v2\/pages\/179","targetHints":{"allow":["GET"]}}],"collection":[{"href":"https:\/\/fscala2026.fr\/index.php?rest_route=\/wp\/v2\/pages"}],"about":[{"href":"https:\/\/fscala2026.fr\/index.php?rest_route=\/wp\/v2\/types\/page"}],"author":[{"embeddable":true,"href":"https:\/\/fscala2026.fr\/index.php?rest_route=\/wp\/v2\/users\/1"}],"replies":[{"embeddable":true,"href":"https:\/\/fscala2026.fr\/index.php?rest_route=%2Fwp%2Fv2%2Fcomments&post=179"}],"version-history":[{"count":6,"href":"https:\/\/fscala2026.fr\/index.php?rest_route=\/wp\/v2\/pages\/179\/revisions"}],"predecessor-version":[{"id":189,"href":"https:\/\/fscala2026.fr\/index.php?rest_route=\/wp\/v2\/pages\/179\/revisions\/189"}],"wp:attachment":[{"href":"https:\/\/fscala2026.fr\/index.php?rest_route=%2Fwp%2Fv2%2Fmedia&parent=179"}],"curies":[{"name":"wp","href":"https:\/\/api.w.org\/{rel}","templated":true}]}}